on divisor of b and m?
12
Let j(h) = -8*h**2 + 121*h - 5. Let u be j(12). Calculate the highest common factor of u and 236.
59
Let n(v) = -72*v - 303. Let a be n(-8). What is the highest common divisor of a and 195?
39
Suppose 0 = u - 15 - 0. Suppose -w = -2*w + 119. Let v = w + -29. Calculate the greatest common factor of v and u.
15
Suppose -11*o + 13*o - 5*y = 258, 5*o - 614 = -3*y. What is the highest common divisor of o and 651?
31
Let c be 4/(-10) + (-132)/(-5). Let y = c + -24. Suppose 4*z + y*v - 112 = 0, 55 = 5*z + 2*v - 83. Calculate the greatest common factor of z and 26.
26
Suppose 29*q - 10625 - 3527 = 0. What is the greatest common divisor of q and 122?
122
Let t = 2946 - 2671. Calculate the highest common factor of 125 and t.
25
Let m be 85 - 2/((-4)/10). What is the greatest common factor of m and 10?
10
Let r(x) = 16*x + 197. Let o be r(-11). Calculate the greatest common factor of 210 and o.
21
Let h be 1*(-1)/((-1)/386). Suppose -4*c - h = v, 92 = -4*c + 5*v - 282. Let m = c - -204. Calculate the greatest common factor of 18 and m.
18
Suppose 0 = -2*y - 8, 2*r + 2*r = -5*y + 956. Calculate the highest common factor of r and 183.
61
Suppose 23*p - 20*p - 129 = -3*f, 2*p = -4*f + 96. Calculate the greatest common divisor of 1558 and p.
38
Let v be 1/(-3) - 8/12. Let n be v/(-9) - (-17)/9. Suppose 24 = 2*w + n*q, 0 = -4*w + 2*q + 29 - 5. Calculate the greatest common divisor of w and 40.
8
Let u(g) = -g**2 + 29*g + 305. Let a be u(-8). Let q(d) = -d**2 + d + 1. Let r be q(1). Calculate the greatest common divisor of a and r.
1
Let l = -1987 - -2049. Calculate the highest common divisor of 1 and l.
1
Suppose y + 25 = 6*y. Suppose -y*i + 9 = -6. Let b = 18386 + -18374. Calculate the greatest common divisor of i and b.
3
Let j(u) = 3*u**2 - 7*u - 3. Let s be (3 + 0)/(3/(-2)). Let r be j(s). Calculate the highest common factor of r and 23.
23
Suppose 0 = 2*w - 20*w + 1908. Calculate the highest common divisor of 212 and w.
106
Let j be ((-79)/(-316))/(9/4 - 2). What is the highest common factor of 17 and j?
1
Let q(m) = -2*m - 2. Let j be q(-3). Suppose n - 3*n - 3*h + 8 = 0, 2*n = j*h + 22. Calculate the highest common factor of n and 14.
7
Suppose 4*v - 385 = -v. Suppose -3*n + 20 = 2*i, -4 = i - 0*n - 2*n. Suppose -40 = -i*x + g, -4*g + 8 = x - 19. What is the greatest common divisor of x and v?
11
Let o(b) = b**2 + 8*b + 4. Let n be 4 + -2 - (-2 - 1). Let q be o(n). What is the highest common factor of q and 23?
23
Let f be 14/(-259) + 1496/296. Calculate the greatest common factor of 45 and f.
5
Let l be (-4002)/(-7) + (-7)/((-392)/16). What is the greatest common factor of l and 52?
52
Suppose -20 + 21 = q. Suppose 16 = 2*s - 2. What is the highest common divisor of q and s?
1
Let p(x) = -x**3 - 29*x**2 - 55*x - 25. Let b be p(-27). Calculate the highest common divisor of 3 and b.
1
Let n be 5 + ((-11)/(-44) - 131/(-4)). What is the highest common divisor of n and 494?
38
Suppose 4 = -q, 0*x - 4*x + 4*q = -216. What is the greatest common divisor of 225 and x?
25
Let v = 43 + -45. Let n be 162/(-45) - (-6)/10. Let x be v + 1 + (n - -6). What is the highest common factor of 2 and x?
2
Suppose 10*p = 11*p - 196. Suppose 3*d - 11 = -2*w, d - 2 = -w + 1. Let v be -1 - -26 - (w - 1). Calculate the highest common divisor of p and v.
28
Suppose 7*b = 2*z + 4*b - 44, -z = 3*b - 22. Let d be (43 - -1)*81/18. Calculate the greatest common divisor of d and z.
22
Suppose 0 = 4*n + 16, 5*k + 0*n = 4*n + 166. Calculate the highest common factor of 345 and k.
15
Let q(a) = 17*a + 926. Let r be q(4). What is the greatest common factor of r and 28?
14
Suppose 2*z - 92 = -3*s + 150, 5*s - 2*z = 430. What is the highest common factor of 12 and s?
12
Let p = -404 + 480. Let c(l) = -10*l - 2. Let s be c(-2). Suppose -4*v + d = -s - 55, -3*v + 60 = d. What is the highest common factor of v and p?
19
Let o be (-7*1/2)/(6/(-12)). Suppose o*d + 0*d - 168 = 0. Calculate the highest common factor of 12 and d.
12
Suppose 4*a - 3*a + 44 = 0. Let k = 55 + a. What is the highest common divisor of 121 and k?
11
Let w(r) = 19*r - 171. Let d be w(20). What is the highest common factor of d and 22?
11
Let r(q) = 3*q**3 + 4*q**2 + 13*q - 44. Let j be r(3). Calculate the highest common divisor of j and 1456.
112
Suppose 7*a = -0*a + 1008. Let m = a - 256. Let j be m/6*42/(-28). What is the greatest common factor of j and 4?
4
Let g = 25 + -20. Suppose 24 = 4*t - 4*i, -g*t + 14 = -2*t - 4*i. What is the greatest common factor of 20 and t?
10
Suppose 0*z + 5*z - 4*x - 7 = 0, 0 = -5*z - 5*x - 20. Let c be (-54)/3*(z + 0)*4. What is the greatest common divisor of 8 and c?
8
Let i = 936 + -444. Suppose -m = -2*c - 160, -3*m + 5*c - 2*c = -i. Calculate the greatest common factor of m and 24.
24
Let f = -9 - -59. Calculate the greatest common factor of 20 and f.
10
Suppose -4*z + 2*v + 3*v + 104 = 0, -104 = -4*z - 2*v. Calculate the highest common factor of 117 and z.
13
Suppose -4*f = -5 - 15. Let i = f - 2. Suppose 0*v - i*v = -69. Calculate the highest common factor of 92 and v.
23
Suppose 2*q + 0*q - 38 = 0. Let u be (-1)/((-5)/910*1). Suppose 2*j - 3*a = u + 119, -4*a - 604 = -4*j. Calculate the greatest common factor of j and q.
19
Let o = 14 + -5. Let f(t) = 27*t**3 + 2*t - 2. Let m be f(1). Let y be (198/m)/((-2)/(-27)). Calculate the greatest common factor of y and o.
9
Suppose -3*n - 933 = -3*y, -4*y - 7*n + 1209 = -4*n. What is the highest common factor of y and 34?
34
Let d(y) = 37*y. Let s be d(1). Let a = -943 - -1054. Calculate the highest common factor of a and s.
37
Let n(b) = -b**2 + 9*b - 3. Let l be n(5). Suppose 5*h + 3*w - 604 = 0, -598 = 2*h - 7*h - w. What is the greatest common factor of h and l?
17
Suppose -149*a + 28 = -148*a. What is the greatest common factor of 1372 and a?
28
Let g be 41/13 - 18/117. Let l(d) = 0*d + g*d - 4*d**2 + d**3 - 6*d. Let c be l(5). What is the highest common divisor of c and 15?
5
Let l(u) = 2*u**3 - 14*u**2 - 13*u - 8. Let b be l(8). What is the highest common divisor of b and 104?
8
Suppose 18*x - 20*x - 900 = -3*q, -300 = -q - 4*x. Calculate the greatest common divisor of q and 12.
12
Suppose -2*g + r + 3 = 0, -9*g + 2*r = -6*g - 4. Let h be 4*3 + (-3 + 6 - g). Calculate the greatest common divisor of 117 and h.
13
Suppose 32*w - 3673 = -345. Calculate the greatest common divisor of 65 and w.
13
Suppose -4*b - 5*n + n = -1504, 5*b + n - 1888 = 0. What is the greatest common factor of 162 and b?
54
Suppose f - 12 = -0*f. Suppose 0 = u + 3*u - f. Suppose -5*t + 2*y + 489 = 0, -u*t + 390 = t - 2*y. Calculate the greatest common factor of t and 9.
9
Let q(c) = 12*c - 136. Let f be q(16). What is the greatest common factor of f and 98?
14
Suppose -15*u = -12426 - 7824. Calculate the greatest common divisor of 75 and u.
75
Let f be -4 - -4 - -9 - (9 + -6). Calculate the highest common factor of f and 2.
2
Suppose 4*f = 12, -36*q + 39*q = -5*f + 870. Calculate the greatest common divisor of q and 30.
15
Let o = 12 + -18. Let c be (-19)/(-3) - 4/o. What is the highest common factor of 35 and c?
7
Suppose r = -2*o + 38 + 12, 4*r + 3*o - 225 = 0. Calculate the highest common factor of 405 and r.
15
Let b(w) = 8*w**2 - 35*w + 50. Let f be b(6). Calculate the greatest common divisor of 1728 and f.
64
Let g be (-33)/(-4) - (-12)/16. Let v be (120/(-9))/((-6)/g). Calculate the highest common factor of 30 and v.
10
Let x = 13 + -3. Let t = x + -57. Let n = -19 - t. Calculate the highest common divisor of 14 and n.
14
Suppose 15*q - 385 = 11*q + 3*v, -2*q - v = -205. What is the greatest common divisor of q and 1225?
25
Suppose 2*i = -4*y + 60, -5*i + 83 = -4*y + 171. What is the highest common divisor of y and 153?
17
Let t be 1*6/(-2) + 107. Suppose -a - 5*k = -t, k + 296 = a + 2*a. What is the highest common factor of a and 11?
11
Let r(w) = w**2 - 2*w - 2. Let k(d) = -d**3 - 8*d**2 + 21*d + 9. Let z be k(-10). Let f be r(z). What is the greatest common factor of 9 and f?
1
Let q = 3 - 3. Let x = q - -10. What is the highest common factor of 4 and x?
2
Let u(x) = x + 27. Let w be u(-11). What is the greatest common factor of w and 88?
8
Let d = -22 + -10. Let c = -28 - d. What is the highest common factor of 2 and c?
